{"id":25,"date":"2018-02-17T13:08:13","date_gmt":"2018-02-17T13:08:13","guid":{"rendered":"http:\/\/demo.zantetheme.com\/?page_id=25"},"modified":"2021-07-05T00:21:22","modified_gmt":"2021-07-04T21:21:22","slug":"about-us","status":"publish","type":"page","link":"https:\/\/www.floraayvalik.com\/?page_id=25","title":{"rendered":"Hakk\u0131m\u0131zda"},"content":{"rendered":"<p>[vc_row full_width=&#8221;stretch_row&#8221; css=&#8221;.vc_custom_1531729276201{padding-bottom: 80px !important;}&#8221;][vc_column width=&#8221;1\/2&#8243;]\t\t\t<div\r\n\t\t\t\tclass=\"main_title  text-left  \">\r\n\t\t\t\t<h2 class=\"title\">HAKKIMIZDA<\/h2>\r\n\t\t\t\t\t\t\t<\/div>\r\n\t\t[vc_column_text]Otelimiz 2021 y\u0131l\u0131nda Ayval\u0131k&#8217;\u0131n tarihi dokusuna uygun olarak in\u015fa edilmi\u015ftir. 5\u2019i standart, 2&#8217;si deluxe olmak \u00fczere toplam 7 odam\u0131z bulunmaktad\u0131r.<br \/>\nAyval\u0131k Sakarya caddesinde, tarihi Rum evleri dokusuyla, Ayval\u0131k merkeze k\u0131sa bir y\u00fcr\u00fcy\u00fc\u015f mesafesinde, \u015fehir merkezine 5 dk. uzakl\u0131kta ki Flora Hotel, tarihi dokusunu korumay\u0131 ba\u015farm\u0131\u015f otantik ta\u015f odalar\u0131yla hizmet veriyor.<br \/>\n7 tane \u00f6zenle tasarlanm\u0131\u015f oda sunan otelde 3 ki\u015filik deluxe, \u00e7ift ki\u015filik ah\u015fap oda se\u00e7enekleri var. Butik otelin her odas\u0131nda ah\u015fap mobilyalar, pirin\u00e7 karyolalar, ah\u015fap pencereler, klima, mini buzdolab\u0131, kettle ve i\u00e7ecek ikramlar\u0131m\u0131z bulunmaktad\u0131r.<\/p>\n<p>Otelin mutfa\u011f\u0131nda konuklara organik re\u00e7eller, peynirler ve Ayval\u0131k zeytinleri ile zengin kahvalt\u0131lar\u0131n yan\u0131nda T\u00fcrk kahvesi ve t\u00fcm kahve \u00e7e\u015fitleri, so\u011fuk i\u00e7ecekler bulunmaktad\u0131r<\/p>\n<p>Merkezden Ayval\u0131k ve Cunda Adas\u0131\u2019n\u0131 gezebilece\u011finiz turlar i\u00e7in bilet alabilir, bisiklet kiralayabilir, Ayval\u0131k Adalar\u0131 Tabiat Park\u0131&#8217;nda rehberli do\u011fa y\u00fcr\u00fcy\u00fc\u015fleri yapabilir ve tekne gezileri ile Ege\u2019yi ke\u015ffe \u00e7\u0131kabilirsiniz. Flora Otel\u2019den Sar\u0131msakl\u0131 Plaj\u0131 18 km, \u015eeytan Sofras\u0131 20 km ve Alt\u0131nova Plaj\u0131 ise sadece 25 km uzakl\u0131kta.[\/vc_column_text][\/vc_column][vc_column width=&#8221;1\/2&#8243;]\r\n        <div class=\"image-3d-effect\">\r\n          <div class=\"side left\"><\/div>\r\n          <div class=\"side right\"><\/div>\r\n          <div class=\"images\">\r\n                        <div class=\"front-image\" style=\"background-image: url(https:\/\/www.floraayvalik.com\/wp-content\/uploads\/2021\/07\/WhatsApp-Image-2021-07-04-at-22.27.46.jpeg)\"><\/div>\r\n                                    <div class=\"back-image\" style=\"background-image: url(https:\/\/www.floraayvalik.com\/wp-content\/uploads\/2018\/07\/WhatsApp-Image-2021-07-04-at-23.58.27-2.jpeg)\"><\/div>\r\n                      <\/div>\r\n        <\/div>\r\n\r\n\r\n\r\n        [\/vc_column][\/vc_row][vc_row full_width=&#8221;stretch_row_content_no_spaces&#8221;][vc_column][vc_raw_html]JTNDaWZyYW1lJTIwc3JjJTNEJTIyaHR0cHMlM0ElMkYlMkZ3d3cuZ29vZ2xlLmNvbSUyRm1hcHMlMkZlbWJlZCUzRnBiJTNEJTIxMW0xOCUyMTFtMTIlMjExbTMlMjExZDMwODYuNDc3NTQxNzI3OTM1JTIxMmQyNi42OTIyODA5MTUwNDI3OTclMjEzZDM5LjMyMjc2NDgyOTM2MzkyNiUyMTJtMyUyMTFmMCUyMTJmMCUyMTNmMCUyMTNtMiUyMTFpMTAyNCUyMTJpNzY4JTIxNGYxMy4xJTIxM20zJTIxMW0yJTIxMXMweDE0YmE3NzZkMTE1ZDg0NmIlMjUzQTB4MzI5NjhkMWJiYTA3NjRmZSUyMTJzRmxvcmElMjUyMEF5dmFsJTI1QzQlMjVCMWslMjUyME90ZWwlMjE1ZTAlMjEzbTIlMjExc3RyJTIxMnN0ciUyMTR2MTYyNTQzMTc3NjM1NCUyMTVtMiUyMTFzdHIlMjEyc3RyJTIyJTIwd2lkdGglM0QlMjIxMDAlMjUlMjIlMjBoZWlnaHQlM0QlMjI0NTAlMjIlMjBzdHlsZSUzRCUyMmJvcmRlciUzQTAlM0IlMjIlMjBhbGxvd2Z1bGxzY3JlZW4lM0QlMjIlMjIlMjBsb2FkaW5nJTNEJTIybGF6eSUyMiUzRSUzQyUyRmlmcmFtZSUzRQ==[\/vc_raw_html][\/vc_column][\/vc_row]<\/p>\n","protected":false},"excerpt":{"rendered":"<p>[vc_row full_width=&#8221;stretch_row&#8221; css=&#8221;.vc_custom_1531729276201{padding-bottom: 80px !important;}&#8221;][vc_column width=&#8221;1\/2&#8243;][vc_column_text]Otelimiz 2021 y\u0131l\u0131nda Ayval\u0131k&#8217;\u0131n tarihi dokusuna uygun olarak in\u015fa edilmi\u015ftir. 5\u2019i standart, 2&#8217;si deluxe olmak \u00fczere toplam 7 odam\u0131z bulunmaktad\u0131r. Ayval\u0131k Sakarya caddesinde, tarihi Rum evleri dokusuyla, Ayval\u0131k merkeze k\u0131sa bir y\u00fcr\u00fcy\u00fc\u015f mesafesinde, \u015fehir merkezine 5 dk. uzakl\u0131kta ki Flora Hotel, tarihi dokusunu korumay\u0131 ba\u015farm\u0131\u015f otantik ta\u015f odalar\u0131yla hizmet veriyor. [&hellip;]<\/p>\n","protected":false},"author":1,"featured_media":0,"parent":0,"menu_order":0,"comment_status":"closed","ping_status":"closed","template":"","meta":{"footnotes":""},"class_list":["post-25","page","type-page","status-publish","hentry"],"_links":{"self":[{"href":"https:\/\/www.floraayvalik.com\/index.php?rest_route=\/wp\/v2\/pages\/25","targetHints":{"allow":["GET"]}}],"collection":[{"href":"https:\/\/www.floraayvalik.com\/index.php?rest_route=\/wp\/v2\/pages"}],"about":[{"href":"https:\/\/www.floraayvalik.com\/index.php?rest_route=\/wp\/v2\/types\/page"}],"author":[{"embeddable":true,"href":"https:\/\/www.floraayvalik.com\/index.php?rest_route=\/wp\/v2\/users\/1"}],"replies":[{"embeddable":true,"href":"https:\/\/www.floraayvalik.com\/index.php?rest_route=%2Fwp%2Fv2%2Fcomments&post=25"}],"version-history":[{"count":4,"href":"https:\/\/www.floraayvalik.com\/index.php?rest_route=\/wp\/v2\/pages\/25\/revisions"}],"predecessor-version":[{"id":2192,"href":"https:\/\/www.floraayvalik.com\/index.php?rest_route=\/wp\/v2\/pages\/25\/revisions\/2192"}],"wp:attachment":[{"href":"https:\/\/www.floraayvalik.com\/index.php?rest_route=%2Fwp%2Fv2%2Fmedia&parent=25"}],"curies":[{"name":"wp","href":"https:\/\/api.w.org\/{rel}","templated":true}]}}